{"id":2,"date":"2025-06-02T12:50:54","date_gmt":"2025-06-02T12:50:54","guid":{"rendered":"https:\/\/aamuusva.fi\/?page_id=2"},"modified":"2025-06-08T16:51:09","modified_gmt":"2025-06-08T16:51:09","slug":"sample-page","status":"publish","type":"page","link":"https:\/\/aamuusva.fi\/?page_id=2","title":{"rendered":"Hinnasto"},"content":{"rendered":"\n<div class=\"wp-block-group alignfull has-default-background-color has-background has-global-padding is-layout-constrained wp-block-group-is-layout-constrained\" style=\"padding-top:var(--wp--preset--spacing--80);padding-bottom:var(--wp--preset--spacing--80)\">\n<div class=\"wp-block-columns are-vertically-aligned-center alignwide is-layout-flex wp-container-core-columns-is-layout-28f84493 wp-block-columns-is-layout-flex\">\n<div class=\"wp-block-column is-vertically-aligned-center is-layout-flow wp-block-column-is-layout-flow\" style=\"flex-basis:20%\"><\/div>\n\n\n\n<div class=\"wp-block-column is-vertically-aligned-center is-layout-flow wp-block-column-is-layout-flow\" style=\"flex-basis:20%\">\n<figure class=\"wp-block-image aligncenter size-full is-resized\"><img loading=\"lazy\" decoding=\"async\" width=\"300\" height=\"300\" src=\"https:\/\/aamuusva.fi\/wp-content\/uploads\/2025\/06\/unnamed.jpg\" alt=\"\" class=\"wp-image-138\" style=\"width:200px\" srcset=\"https:\/\/aamuusva.fi\/wp-content\/uploads\/2025\/06\/unnamed.jpg 300w, https:\/\/aamuusva.fi\/wp-content\/uploads\/2025\/06\/unnamed-150x150.jpg 150w\" sizes=\"auto, (max-width: 300px) 100vw, 300px\" \/><\/figure>\n<\/div>\n\n\n\n<div class=\"wp-block-column is-vertically-aligned-center is-layout-flow wp-block-column-is-layout-flow\" style=\"flex-basis:20%\"><\/div>\n\n\n\n<div class=\"wp-block-column is-vertically-aligned-center is-layout-flow wp-block-column-is-layout-flow\" style=\"flex-basis:20%\">\n<figure class=\"wp-block-image aligncenter size-full is-resized\"><img loading=\"lazy\" decoding=\"async\" width=\"153\" height=\"153\" src=\"https:\/\/aamuusva.fi\/wp-content\/uploads\/2025\/06\/Hyvaa_Suomesta_-merkki.jpg\" alt=\"\" class=\"wp-image-139\" style=\"width:150px\" srcset=\"https:\/\/aamuusva.fi\/wp-content\/uploads\/2025\/06\/Hyvaa_Suomesta_-merkki.jpg 153w, https:\/\/aamuusva.fi\/wp-content\/uploads\/2025\/06\/Hyvaa_Suomesta_-merkki-150x150.jpg 150w\" sizes=\"auto, (max-width: 153px) 100vw, 153px\" \/><\/figure>\n<\/div>\n<\/div>\n<\/div>\n\n\n\n<p class=\"has-text-align-center\"><br>01.06.2025 alkaen<\/p>\n\n\n\n<h3 class=\"wp-block-heading has-text-align-center\">Highland Cattle<br><\/h3>\n\n\n\n<p class=\"has-text-align-center\" style=\"line-height:1.6\">Maksa 10,00\u20ac<br>Syd\u00e4n 10,00\u20ac<br>Munuainen 5,00\u20ac<br>Kieli 15,00\u20ac<br>Poski 15,00\u20ac<br>Kylki ribsit 10,00\u20ac<br>H\u00e4r\u00e4n h\u00e4nt\u00e4 10,00\u20ac<br>Kylki\/Rinta luullinen 10,00\u20ac<br>Jauheliha 14,00\u20ac<br>Burgerjauheliha 14,00\u20ac<br>Osso Bucco 16,00\u20ac<br>Lapa paisti 16,00\u20ac<br>Brisket 20,00\u20ac<br>Niska ltn 16,00\u20ac<br>Keitto\/Uunisuikale 16,00\u20ac<br>Keitto\/Uunipala 16,00\u20ac<br>Paistisuikale \/Pala 20,00\u20ac<br>Keittoliha 16,00\u20ac<br>Py\u00f6r\u00f6paisti 20,00\u20ac<br>Kulmapaisti 20,00\u20ac<br>Ulkopaisti 20,00\u20ac<br>Picanha 25,00\u20ac<br>Tri-tip \/ Maminha 25,00\u20ac<br>Paahtopaisti 25,00\u20ac<br>Sis\u00e4paisti 25,00\u20ac<br>Entrecote 30,00\u20ac<br>T-Luu Pihvi 45,00\u20ac<br>Tomahawk 40,00\u20ac<br>Petite Tender 35,00\u20ac<br>Cover Steak 35,00\u20ac<br>Ulkofile 35,00\u20ac<br>Sis\u00e4file 45,00\u20ac<br>Flank Steak 25,00\u20ac<br>Hanger Steak 25,00\u20ac<br>Bavette 25,00\u20ac<br>Flat Iron Steak 25,00\u20ac<br>Skirt Steak 25,00\u20ac<br>Luut 2,50\u20ac<\/p>\n\n\n\n<h3 class=\"wp-block-heading has-text-align-center\">Villisika<\/h3>\n\n\n\n<p class=\"has-text-align-center\" style=\"line-height:1.6\">Hinnat ovat kilohintoja jos ei toisin mainittu<br><br>100% villisika s\u00e4ilyke 400g\/prkl 13,00\u20ac<br>Maksa 10,00\u20ac<br>Kieli 10,00\u20ac<br>Syd\u00e4n 10,00\u20ac<br>Potkat n. 650g\/kpl 15,00\u20ac<br>Gripsit 15,00\u20ac<br>Jauheliha 100% Villisikaa 25,00\u20ac<br>Kylki, nahaton 19,00\u20ac<br>Kylki, luuton, nahaton 25,00\u20ac<br>Kylki, luuton, nahaton, rasvaton 30,00\u20ac<br>Etuselk\u00e4\/lapa luullinen uuni\/keittoliha 25,00\u20ac<br>Karjalanpaistilihat, luuton 30,00\u20ac<br>Kassler\/kassler leike 35,00\u20ac<br>Kinkkupaketti, luuton, nahaton, rasvaton 35,00\u20ac<br>Muut paistit irtona 36,00\u20ac<br>Sis\u00e4paisti 40,00\u20ac<br>Ulkofile 40,00\u20ac<br>Sis\u00e4file 50,00\u20ac<br>Kinkku nahaton, luulla my\u00f6s suol. 30,00\u20ac<br>Lapakinkkurulla verkossa 30,00\u20ac<br>Juhlakinkku, nahaton, potkaluulla 40,00\u20ac<br>Kinkkurulla, luuton verkossa suolattuna 45,00\u20ac<\/p>\n\n\n\n<p class=\"has-text-align-center\"><br>L\u00e4hetyksen rahti tarvittaessa matkahuollon hinnaston mukaisesti (sis.alv 25,5%)<br>Joensuun l\u00e4hialueelle toimitukset ilman rahtia.<\/p>\n\n\n\n<div style=\"height:100px\" aria-hidden=\"true\" class=\"wp-block-spacer\"><\/div>\n","protected":false},"excerpt":{"rendered":"<p>01.06.2025 alkaen Highland Cattle Maksa 10,00\u20acSyd\u00e4n 10,00\u20acMunuainen 5,00\u20acKieli 15,00\u20acPoski 15,00\u20acKylki ribsit 10,00\u20acH\u00e4r\u00e4n h\u00e4nt\u00e4 10,00\u20acKylki\/Rinta luullinen 10,00\u20acJauheliha 14,00\u20acBurgerjauheliha 14,00\u20acOsso Bucco 16,00\u20acLapa paisti 16,00\u20acBrisket 20,00\u20acNiska ltn 16,00\u20acKeitto\/Uunisuikale 16,00\u20acKeitto\/Uunipala 16,00\u20acPaistisuikale \/Pala 20,00\u20acKeittoliha 16,00\u20acPy\u00f6r\u00f6paisti 20,00\u20acKulmapaisti 20,00\u20acUlkopaisti 20,00\u20acPicanha 25,00\u20acTri-tip \/ Maminha 25,00\u20acPaahtopaisti 25,00\u20acSis\u00e4paisti 25,00\u20acEntrecote 30,00\u20acT-Luu Pihvi 45,00\u20acTomahawk 40,00\u20acPetite Tender 35,00\u20acCover Steak 35,00\u20acUlkofile 35,00\u20acSis\u00e4file 45,00\u20acFlank Steak 25,00\u20acHanger Steak 25,00\u20acBavette 25,00\u20acFlat Iron [&hellip;]<\/p>\n","protected":false},"author":1,"featured_media":0,"parent":0,"menu_order":0,"comment_status":"closed","ping_status":"open","template":"","meta":{"footnotes":""},"class_list":["post-2","page","type-page","status-publish","hentry"],"_links":{"self":[{"href":"https:\/\/aamuusva.fi\/index.php?rest_route=\/wp\/v2\/pages\/2","targetHints":{"allow":["GET"]}}],"collection":[{"href":"https:\/\/aamuusva.fi\/index.php?rest_route=\/wp\/v2\/pages"}],"about":[{"href":"https:\/\/aamuusva.fi\/index.php?rest_route=\/wp\/v2\/types\/page"}],"author":[{"embeddable":true,"href":"https:\/\/aamuusva.fi\/index.php?rest_route=\/wp\/v2\/users\/1"}],"replies":[{"embeddable":true,"href":"https:\/\/aamuusva.fi\/index.php?rest_route=%2Fwp%2Fv2%2Fcomments&post=2"}],"version-history":[{"count":5,"href":"https:\/\/aamuusva.fi\/index.php?rest_route=\/wp\/v2\/pages\/2\/revisions"}],"predecessor-version":[{"id":157,"href":"https:\/\/aamuusva.fi\/index.php?rest_route=\/wp\/v2\/pages\/2\/revisions\/157"}],"wp:attachment":[{"href":"https:\/\/aamuusva.fi\/index.php?rest_route=%2Fwp%2Fv2%2Fmedia&parent=2"}],"curies":[{"name":"wp","href":"https:\/\/api.w.org\/{rel}","templated":true}]}}